{"id":1462,"date":"2024-04-25T12:33:02","date_gmt":"2024-04-25T10:33:02","guid":{"rendered":"https:\/\/reta-officiel.com\/index.php\/panier\/"},"modified":"2024-06-17T10:48:46","modified_gmt":"2024-06-17T08:48:46","slug":"panier","status":"publish","type":"page","link":"https:\/\/reta-officiel.com\/index.php\/panier\/","title":{"rendered":"Panier"},"content":{"rendered":"\n","protected":false},"excerpt":{"rendered":"","protected":false},"author":2,"featured_media":0,"parent":0,"menu_order":0,"comment_status":"closed","ping_status":"closed","template":"","meta":{"footnotes":""},"class_list":["post-1462","page","type-page","status-publish","hentry"],"blocksy_meta":[],"yoast_head":"<!-- This site is optimized with the Yoast SEO plugin v27.3 - https:\/\/yoast.com\/product\/yoast-seo-wordpress\/ -->\n<title>Panier - Reta Officiel<\/title>\n<meta name=\"description\" content=\"Explorez votre panier sur notre site pour v\u00e9rifier vos articles s\u00e9lectionn\u00e9s, ajuster les quantit\u00e9s et proc\u00e9der au paiement\" \/>\n<meta name=\"robots\" content=\"index, follow, max-snippet:-1, max-image-preview:large, max-video-preview:-1\" \/>\n<link rel=\"canonical\" href=\"https:\/\/reta-officiel.com\/index.php\/panier\/\" \/>\n<meta property=\"og:locale\" content=\"fr_FR\" \/>\n<meta property=\"og:type\" content=\"article\" \/>\n<meta property=\"og:title\" content=\"Panier - Reta Officiel\" \/>\n<meta property=\"og:description\" content=\"Explorez votre panier sur notre site pour v\u00e9rifier vos articles s\u00e9lectionn\u00e9s, ajuster les quantit\u00e9s et proc\u00e9der au paiement\" \/>\n<meta property=\"og:url\" content=\"https:\/\/reta-officiel.com\/index.php\/panier\/\" \/>\n<meta property=\"og:site_name\" content=\"Reta Officiel\" \/>\n<meta property=\"article:publisher\" content=\"https:\/\/www.facebook.com\/retarockstar\/\" \/>\n<meta property=\"article:modified_time\" content=\"2024-06-17T08:48:46+00:00\" \/>\n<meta name=\"twitter:card\" content=\"summary_large_image\" \/>\n<meta name=\"twitter:label1\" content=\"Dur\u00e9e de lecture estim\u00e9e\" \/>\n\t<meta name=\"twitter:data1\" content=\"1 minute\" \/>\n<script type=\"application\/ld+json\" class=\"yoast-schema-graph\">{\"@context\":\"https:\\\/\\\/schema.org\",\"@graph\":[{\"@type\":\"WebPage\",\"@id\":\"https:\\\/\\\/reta-officiel.com\\\/index.php\\\/panier\\\/\",\"url\":\"https:\\\/\\\/reta-officiel.com\\\/index.php\\\/panier\\\/\",\"name\":\"Panier - Reta Officiel\",\"isPartOf\":{\"@id\":\"https:\\\/\\\/reta-officiel.com\\\/#website\"},\"datePublished\":\"2024-04-25T10:33:02+00:00\",\"dateModified\":\"2024-06-17T08:48:46+00:00\",\"description\":\"Explorez votre panier sur notre site pour v\u00e9rifier vos articles s\u00e9lectionn\u00e9s, ajuster les quantit\u00e9s et proc\u00e9der au paiement\",\"breadcrumb\":{\"@id\":\"https:\\\/\\\/reta-officiel.com\\\/index.php\\\/panier\\\/#breadcrumb\"},\"inLanguage\":\"fr-FR\",\"potentialAction\":[{\"@type\":\"ReadAction\",\"target\":[\"https:\\\/\\\/reta-officiel.com\\\/index.php\\\/panier\\\/\"]}]},{\"@type\":\"BreadcrumbList\",\"@id\":\"https:\\\/\\\/reta-officiel.com\\\/index.php\\\/panier\\\/#breadcrumb\",\"itemListElement\":[{\"@type\":\"ListItem\",\"position\":1,\"name\":\"Accueil\",\"item\":\"https:\\\/\\\/reta-officiel.com\\\/\"},{\"@type\":\"ListItem\",\"position\":2,\"name\":\"Panier\"}]},{\"@type\":\"WebSite\",\"@id\":\"https:\\\/\\\/reta-officiel.com\\\/#website\",\"url\":\"https:\\\/\\\/reta-officiel.com\\\/\",\"name\":\"Reta Officiel\",\"description\":\"Reta Le Magnifique\",\"publisher\":{\"@id\":\"https:\\\/\\\/reta-officiel.com\\\/#\\\/schema\\\/person\\\/1c320f369b7e72e9797350175731ee3d\"},\"potentialAction\":[{\"@type\":\"SearchAction\",\"target\":{\"@type\":\"EntryPoint\",\"urlTemplate\":\"https:\\\/\\\/reta-officiel.com\\\/?s={search_term_string}\"},\"query-input\":{\"@type\":\"PropertyValueSpecification\",\"valueRequired\":true,\"valueName\":\"search_term_string\"}}],\"inLanguage\":\"fr-FR\"},{\"@type\":[\"Person\",\"Organization\"],\"@id\":\"https:\\\/\\\/reta-officiel.com\\\/#\\\/schema\\\/person\\\/1c320f369b7e72e9797350175731ee3d\",\"name\":\"Reta Le Magnifique\",\"image\":{\"@type\":\"ImageObject\",\"inLanguage\":\"fr-FR\",\"@id\":\"https:\\\/\\\/reta-officiel.com\\\/wp-content\\\/uploads\\\/2024\\\/04\\\/cropped-Logo-Reta-FINAL.jpg\",\"url\":\"https:\\\/\\\/reta-officiel.com\\\/wp-content\\\/uploads\\\/2024\\\/04\\\/cropped-Logo-Reta-FINAL.jpg\",\"contentUrl\":\"https:\\\/\\\/reta-officiel.com\\\/wp-content\\\/uploads\\\/2024\\\/04\\\/cropped-Logo-Reta-FINAL.jpg\",\"width\":512,\"height\":512,\"caption\":\"Reta Le Magnifique\"},\"logo\":{\"@id\":\"https:\\\/\\\/reta-officiel.com\\\/wp-content\\\/uploads\\\/2024\\\/04\\\/cropped-Logo-Reta-FINAL.jpg\"},\"sameAs\":[\"https:\\\/\\\/reta-officiel.com\",\"https:\\\/\\\/www.facebook.com\\\/retarockstar\\\/\",\"https:\\\/\\\/www.instagram.com\\\/retalemagnifique\\\/\",\"https:\\\/\\\/www.youtube.com\\\/@Retarockstar\"]}]}<\/script>\n<!-- \/ Yoast SEO plugin. -->","yoast_head_json":{"title":"Panier - Reta Officiel","description":"Explorez votre panier sur notre site pour v\u00e9rifier vos articles s\u00e9lectionn\u00e9s, ajuster les quantit\u00e9s et proc\u00e9der au paiement","robots":{"index":"index","follow":"follow","max-snippet":"max-snippet:-1","max-image-preview":"max-image-preview:large","max-video-preview":"max-video-preview:-1"},"canonical":"https:\/\/reta-officiel.com\/index.php\/panier\/","og_locale":"fr_FR","og_type":"article","og_title":"Panier - Reta Officiel","og_description":"Explorez votre panier sur notre site pour v\u00e9rifier vos articles s\u00e9lectionn\u00e9s, ajuster les quantit\u00e9s et proc\u00e9der au paiement","og_url":"https:\/\/reta-officiel.com\/index.php\/panier\/","og_site_name":"Reta Officiel","article_publisher":"https:\/\/www.facebook.com\/retarockstar\/","article_modified_time":"2024-06-17T08:48:46+00:00","twitter_card":"summary_large_image","twitter_misc":{"Dur\u00e9e de lecture estim\u00e9e":"1 minute"},"schema":{"@context":"https:\/\/schema.org","@graph":[{"@type":"WebPage","@id":"https:\/\/reta-officiel.com\/index.php\/panier\/","url":"https:\/\/reta-officiel.com\/index.php\/panier\/","name":"Panier - Reta Officiel","isPartOf":{"@id":"https:\/\/reta-officiel.com\/#website"},"datePublished":"2024-04-25T10:33:02+00:00","dateModified":"2024-06-17T08:48:46+00:00","description":"Explorez votre panier sur notre site pour v\u00e9rifier vos articles s\u00e9lectionn\u00e9s, ajuster les quantit\u00e9s et proc\u00e9der au paiement","breadcrumb":{"@id":"https:\/\/reta-officiel.com\/index.php\/panier\/#breadcrumb"},"inLanguage":"fr-FR","potentialAction":[{"@type":"ReadAction","target":["https:\/\/reta-officiel.com\/index.php\/panier\/"]}]},{"@type":"BreadcrumbList","@id":"https:\/\/reta-officiel.com\/index.php\/panier\/#breadcrumb","itemListElement":[{"@type":"ListItem","position":1,"name":"Accueil","item":"https:\/\/reta-officiel.com\/"},{"@type":"ListItem","position":2,"name":"Panier"}]},{"@type":"WebSite","@id":"https:\/\/reta-officiel.com\/#website","url":"https:\/\/reta-officiel.com\/","name":"Reta Officiel","description":"Reta Le Magnifique","publisher":{"@id":"https:\/\/reta-officiel.com\/#\/schema\/person\/1c320f369b7e72e9797350175731ee3d"},"potentialAction":[{"@type":"SearchAction","target":{"@type":"EntryPoint","urlTemplate":"https:\/\/reta-officiel.com\/?s={search_term_string}"},"query-input":{"@type":"PropertyValueSpecification","valueRequired":true,"valueName":"search_term_string"}}],"inLanguage":"fr-FR"},{"@type":["Person","Organization"],"@id":"https:\/\/reta-officiel.com\/#\/schema\/person\/1c320f369b7e72e9797350175731ee3d","name":"Reta Le Magnifique","image":{"@type":"ImageObject","inLanguage":"fr-FR","@id":"https:\/\/reta-officiel.com\/wp-content\/uploads\/2024\/04\/cropped-Logo-Reta-FINAL.jpg","url":"https:\/\/reta-officiel.com\/wp-content\/uploads\/2024\/04\/cropped-Logo-Reta-FINAL.jpg","contentUrl":"https:\/\/reta-officiel.com\/wp-content\/uploads\/2024\/04\/cropped-Logo-Reta-FINAL.jpg","width":512,"height":512,"caption":"Reta Le Magnifique"},"logo":{"@id":"https:\/\/reta-officiel.com\/wp-content\/uploads\/2024\/04\/cropped-Logo-Reta-FINAL.jpg"},"sameAs":["https:\/\/reta-officiel.com","https:\/\/www.facebook.com\/retarockstar\/","https:\/\/www.instagram.com\/retalemagnifique\/","https:\/\/www.youtube.com\/@Retarockstar"]}]}},"_links":{"self":[{"href":"https:\/\/reta-officiel.com\/index.php\/wp-json\/wp\/v2\/pages\/1462","targetHints":{"allow":["GET"]}}],"collection":[{"href":"https:\/\/reta-officiel.com\/index.php\/wp-json\/wp\/v2\/pages"}],"about":[{"href":"https:\/\/reta-officiel.com\/index.php\/wp-json\/wp\/v2\/types\/page"}],"author":[{"embeddable":true,"href":"https:\/\/reta-officiel.com\/index.php\/wp-json\/wp\/v2\/users\/2"}],"replies":[{"embeddable":true,"href":"https:\/\/reta-officiel.com\/index.php\/wp-json\/wp\/v2\/comments?post=1462"}],"version-history":[{"count":0,"href":"https:\/\/reta-officiel.com\/index.php\/wp-json\/wp\/v2\/pages\/1462\/revisions"}],"wp:attachment":[{"href":"https:\/\/reta-officiel.com\/index.php\/wp-json\/wp\/v2\/media?parent=1462"}],"curies":[{"name":"wp","href":"https:\/\/api.w.org\/{rel}","templated":true}]}}